{"id":153,"date":"2013-09-13T09:46:13","date_gmt":"2013-09-13T09:46:13","guid":{"rendered":"http:\/\/college-stjoseph-plf.org\/?page_id=153"},"modified":"2025-11-20T13:45:10","modified_gmt":"2025-11-20T13:45:10","slug":"la-vie-du-college","status":"publish","type":"page","link":"https:\/\/college-stjoseph-plf.org\/?page_id=153","title":{"rendered":"Le coll\u00e8ge Saint Joseph"},"content":{"rendered":"<p style=\"text-align: left;\" align=\"center\">Bienvenue sur le site du coll\u00e8ge Saint Joseph !<\/p>\n<p style=\"text-align: left;\" align=\"center\">Vous trouverez sur cette page toutes les informations concernant la vie du coll\u00e8ge.<\/p>\n<p style=\"text-align: left;\" align=\"center\"><span style=\"color: #ff6600;\"><strong>Contacts<\/strong><\/span><\/p>\n<table border=\"1\" width=\"100%\" cellspacing=\"0\" cellpadding=\"4\"><colgroup> <col width=\"76*\" \/> <col width=\"180*\" \/> <\/colgroup>\n<tbody>\n<tr valign=\"TOP\">\n<td width=\"30%\">\n<p align=\"LEFT\"><span style=\"color: #888888;\"><strong>Coordonn\u00e9es du coll\u00e8ge<\/strong><\/span><\/p>\n<\/td>\n<td width=\"70%\">\n<p align=\"LEFT\"><span style=\"color: #000000;\"><span style=\"font-family: Arial, sans-serif;\">12 rue Casimir Pigeon, 35610 Pleine-Foug\u00e8res<\/span><\/span><\/p>\n<p align=\"LEFT\"><span style=\"color: #000000;\">E-mail : col35.st-joseph.pleine-fougeres@e-c.bzh<\/span><\/p>\n<\/td>\n<\/tr>\n<tr valign=\"TOP\">\n<td width=\"30%\">\n<p align=\"LEFT\"><span style=\"color: #888888;\"><strong>Postes<\/strong><\/span><\/p>\n<\/td>\n<td width=\"70%\">\n<p align=\"LEFT\"><span style=\"color: #000000;\"><span style=\"font-family: Arial, sans-serif;\"><strong>Secr\u00e9tariat<\/strong>\u00a0<strong>comptabilit\u00e9<\/strong> : Mme Roudaut au 02 99 48 62 15<\/span><\/span><\/p>\n<p align=\"LEFT\"><em>Du lundi au vendredi de 8h \u00e0 12h30 et de 14h \u00e0 17h.<\/em><\/p>\n<p align=\"LEFT\"><span style=\"color: #000000;\"><strong>Vie scolaire<\/strong> : Mme Bourout \/ M. Robin au 02 99 48 76 55<\/span><a href=\"http:\/\/www.scolinfo.net\/\">\u00a0<\/a><\/p>\n<p align=\"LEFT\"><em>lundi au vendredi : 8h30-13h \/ 14h-17h.<\/em><\/p>\n<\/td>\n<\/tr>\n<\/tbody>\n<\/table>\n<p><span style=\"color: #ff6600;\"><strong>La communaut\u00e9 \u00e9ducative du coll\u00e8ge<\/strong><\/span><\/p>\n<table border=\"1\" width=\"100%\" cellspacing=\"0\" cellpadding=\"4\"><colgroup> <col width=\"76*\" \/> <col width=\"180*\" \/> <\/colgroup>\n<tbody>\n<tr valign=\"TOP\">\n<td width=\"30%\">\n<p align=\"LEFT\"><span style=\"color: #888888;\"><strong>Directeur<\/strong><\/span><\/p>\n<\/td>\n<td width=\"70%\">\n<p align=\"LEFT\"><span style=\"font-family: Arial, sans-serif;\">M. BLANCHARD<br \/><\/span><\/p>\n<\/td>\n<\/tr>\n<tr valign=\"TOP\">\n<td width=\"30%\">\n<p align=\"LEFT\"><span style=\"color: #888888;\"><strong><span style=\"font-family: Arial, sans-serif;\">Personnel administratif <\/span><\/strong><\/span><\/p>\n<\/td>\n<td width=\"70%\"><span style=\"font-family: Arial, sans-serif;\"><strong>Secr\u00e9tariat<\/strong> : Mme\u00a0Roudaut<\/span>\n<p align=\"LEFT\"><span style=\"font-family: Arial, sans-serif;\"><strong>Comptabilit\u00e9<\/strong> : Mme\u00a0Roudaut<\/span><\/p>\n<\/td>\n<\/tr>\n<tr valign=\"TOP\">\n<td width=\"30%\">\n<p align=\"LEFT\"><span style=\"color: #888888;\"><strong><span style=\"font-family: Arial, sans-serif;\">Personnel de service<\/span><\/strong><\/span><\/p>\n<\/td>\n<td width=\"70%\"><span style=\"font-family: Arial, sans-serif;\"><strong>Propret\u00e9 des locaux<\/strong> : Mme Detrez<br \/><\/span>\n<p><span style=\"font-family: Arial, sans-serif;\"><strong>Agent d&rsquo;entretien<\/strong> : M. Renault<\/span><\/p>\n<\/td>\n<\/tr>\n<\/tbody>\n<\/table>\n<p><span style=\"color: #888888;\"><strong>17 professeurs&#8230; <\/strong><\/span><\/p>\n<ul>\n<li>qui enseignent dans 11 disciplines, 4 options (th\u00e9\u00e2tre, vtt, latin, orchestre et chorale)<\/li>\n<li>qui apportent une aide m\u00e9thodologique ou disciplinaire<\/li>\n<li>qui proposent de riches projets \u00e9ducatifs (th\u00e9\u00e2tre, voyages, parcours d&rsquo;orientation, \u00e9ducation au num\u00e9rique et aux conduites \u00e0 risque&#8230;)<\/li>\n<\/ul>\n<p><span style=\"color: #888888;\"><strong>Les associations<\/strong><\/span><\/p>\n<ul>\n<li>L&rsquo;<strong>APEL<\/strong>, l&rsquo;Association des Parents d&rsquo;\u00e9l\u00e8ves de l&rsquo;Enseignement Libre.<\/li>\n<\/ul>\n<p>Vous trouverez ci-dessous la constitution du bureau.<\/p>\n<table style=\"height: 267px;\" width=\"829\" cellspacing=\"0\" cellpadding=\"4\"><colgroup> <col width=\"85*\" \/> <col width=\"85*\" \/> <col width=\"85*\" \/> <\/colgroup>\n<tbody>\n<tr valign=\"TOP\">\n<td width=\"33%\">Pr\u00e9sident<\/td>\n<td width=\"33%\">M. VINCENT<\/td>\n<td width=\"33%\">\n<p>Papa de Brieuc (4e)<\/p>\n<\/td>\n<\/tr>\n<tr valign=\"TOP\">\n<td width=\"33%\">Vice-pr\u00e9sident<\/td>\n<td width=\"33%\">Mme MACE<\/td>\n<td width=\"33%\">Maman de Elona (3e)<\/td>\n<\/tr>\n<tr valign=\"TOP\">\n<td width=\"33%\">Secr\u00e9taire<\/td>\n<td width=\"33%\">Mme SORIN<\/td>\n<td width=\"33%\">Maman de Noelig (3e)<\/td>\n<\/tr>\n<tr valign=\"TOP\">\n<td width=\"33%\">Secr\u00e9taire-adjointe<\/td>\n<td width=\"33%\">Mme GEOFFROY<\/td>\n<td width=\"33%\">Maman de Malow (4e)<\/td>\n<\/tr>\n<tr valign=\"TOP\">\n<td width=\"33%\">Tr\u00e9sorier<\/td>\n<td width=\"33%\">Mme GAUTIER\u00a0<\/td>\n<td width=\"33%\">Maman de Nolan (3e)<\/td>\n<\/tr>\n<tr valign=\"TOP\">\n<td width=\"33%\">Tr\u00e9sorier-adjoint<\/td>\n<td width=\"33%\">\u00a0<\/td>\n<td width=\"33%\">\n<p>&nbsp;<\/p>\n<\/td>\n<\/tr>\n<\/tbody>\n<\/table>\n<ul>\n<li>l&rsquo;<strong>OGEC<\/strong>, l&rsquo;Organisme de Gestion de l&rsquo;Ecole Catholique. Vous trouverez ci-dessous la constitution du bureau pour l&rsquo;ann\u00e9e.<br \/>\n<table width=\"100%\" cellspacing=\"0\" cellpadding=\"4\"><colgroup> <col width=\"85*\" \/> <col width=\"85*\" \/> <col width=\"85*\" \/> <\/colgroup>\n<tbody>\n<tr valign=\"TOP\">\n<td width=\"33%\">Pr\u00e9sident<\/td>\n<td width=\"33%\">Mr PERCHER<\/td>\n<td width=\"33%\">\u00a0<\/td>\n<\/tr>\n<tr valign=\"TOP\">\n<td width=\"33%\">\u00a0<\/td>\n<td width=\"33%\">\u00a0<\/td>\n<td width=\"33%\">\u00a0<\/td>\n<\/tr>\n<tr valign=\"TOP\">\n<td width=\"33%\">Secr\u00e9taire<\/td>\n<td width=\"33%\">\u00a0<\/td>\n<td width=\"33%\">\u00a0<\/td>\n<\/tr>\n<tr valign=\"TOP\">\n<td width=\"33%\">\u00a0<\/td>\n<td width=\"33%\">\u00a0<\/td>\n<td width=\"33%\">\u00a0<\/td>\n<\/tr>\n<tr valign=\"TOP\">\n<td width=\"33%\">\u00a0<\/td>\n<td width=\"33%\">\u00a0<\/td>\n<td width=\"33%\">\u00a0<\/td>\n<\/tr>\n<tr valign=\"TOP\">\n<td width=\"33%\">\u00a0<\/td>\n<td width=\"33%\">\u00a0<\/td>\n<td width=\"33%\">\u00a0<\/td>\n<\/tr>\n<\/tbody>\n<\/table>\n<\/li>\n<\/ul>\n<p><strong><span style=\"color: #808080;\">Les parents correspondants et les d\u00e9l\u00e9gu\u00e9s de classe<\/span><\/strong><\/p>\n<table width=\"100%\" cellspacing=\"0\" cellpadding=\"4\"><colgroup> <col width=\"85*\" \/> <col width=\"85*\" \/> <col width=\"85*\" \/> <\/colgroup>\n<tbody>\n<tr valign=\"TOP\">\n<td width=\"33%\">Classe<\/td>\n<td width=\"33%\">Parents<\/td>\n<td width=\"33%\">\u00c9l\u00e8ves<\/td>\n<\/tr>\n<tr valign=\"TOP\">\n<td width=\"33%\">\n<p>6\u00e8mes<\/p>\n<p>&nbsp;<\/p>\n<\/td>\n<td width=\"33%\">\n<p>Mme MABILE<\/p>\n<p>Mme SORIN<\/p>\n<\/td>\n<td width=\"33%\">\n<p>Paul Mabile (5B)<\/p>\n<p>Noelig Sorin (3B)<\/p>\n<\/td>\n<\/tr>\n<tr valign=\"TOP\">\n<td width=\"33%\">\u00a0<\/td>\n<td width=\"33%\">\u00a0<\/td>\n<td width=\"33%\">\u00a0<\/td>\n<\/tr>\n<tr valign=\"TOP\">\n<td width=\"33%\">5\u00e8mes<\/td>\n<td width=\"33%\">\n<p>Mme GAUTIER<\/p>\n<p>Mme BERANGER<\/p>\n<\/td>\n<td width=\"33%\">\n<p>Nolan Boissier &#8211; 3B<\/p>\n<p>Arthur Bouton &#8211; 3B<\/p>\n<\/td>\n<\/tr>\n<tr valign=\"TOP\">\n<td width=\"33%\">\u00a0<\/td>\n<td width=\"33%\">\u00a0<\/td>\n<td width=\"33%\">\u00a0<\/td>\n<\/tr>\n<tr valign=\"TOP\">\n<td width=\"33%\">4\u00e8mes<\/td>\n<td width=\"33%\">\n<p>Mme FRERE<\/p>\n<p>Mme BOSSA<\/p>\n<\/td>\n<td width=\"33%\">\n<p>Rapha\u00ebl Quemerais &#8211; 5B<\/p>\n<p>Marie Bru &#8211; 5A<\/p>\n<\/td>\n<\/tr>\n<tr valign=\"TOP\">\n<td width=\"33%\">\u00a0<\/td>\n<td width=\"33%\">\u00a0<\/td>\n<td width=\"33%\">\u00a0<\/td>\n<\/tr>\n<tr valign=\"TOP\">\n<td width=\"33%\">3\u00e8mes<\/td>\n<td width=\"33%\">\n<p>Mme VINCENT<\/p>\n<p>Mme BERHAULT<\/p>\n<\/td>\n<td width=\"33%\">\n<p>Brieuc Vincent &#8211; 4B<\/p>\n<p>Candice Berhault &#8211; 4B<\/p>\n<\/td>\n<\/tr>\n<tr valign=\"TOP\">\n<td width=\"33%\">\u00a0<\/td>\n<td width=\"33%\">\u00a0<\/td>\n<td width=\"33%\">\u00a0<\/td>\n<\/tr>\n<\/tbody>\n<\/table>\n<p><span style=\"color: #ff6600;\"><strong><br \/>Horaires et ouverture des entr\u00e9es<\/strong><strong><br \/>A noter<\/strong> : le coll\u00e8ge, comme tous les \u00e9tablissements scolaires, doit d\u00e9sormais appliquer de nouvelles r\u00e8gles de s\u00e9curit\u00e9. Un adulte sera toujours pr\u00e9sent sur les temps d&rsquo;ouverture du portail. Toutes les entr\u00e9es et sorties des \u00e9l\u00e8ves se font par le portail bleu, qui sera ferm\u00e9 \u00e0 cl\u00e9 sur les heures de cours. Les \u00e9l\u00e8ves en retard ou les parents qui souhaiteraient rentrer dans l&rsquo;\u00e9tablissement doivent sonner au portail vert, \u00e9galement ferm\u00e9 \u00e0 cl\u00e9.<\/span><\/p>\n<p>&nbsp;<\/p>\n\n\n<p><\/p>\n","protected":false},"excerpt":{"rendered":"<p>Bienvenue sur le site du coll\u00e8ge Saint Joseph ! Vous trouverez sur cette page toutes les informations concernant la vie du coll\u00e8ge. Contacts Coordonn\u00e9es du coll\u00e8ge 12 rue Casimir Pigeon, 35610 Pleine-Foug\u00e8res E-mail : col35.st-joseph.pleine-fougeres@e-c.bzh Postes Secr\u00e9tariat\u00a0comptabilit\u00e9 : Mme Roudaut au 02 99 48 62 15 Du lundi au vendredi de 8h \u00e0 12h30 et [&hellip;]<\/p>\n","protected":false},"author":2,"featured_media":0,"parent":0,"menu_order":1,"comment_status":"closed","ping_status":"open","template":"","meta":{"footnotes":""},"class_list":["post-153","page","type-page","status-publish","hentry"],"_links":{"self":[{"href":"https:\/\/college-stjoseph-plf.org\/index.php?rest_route=\/wp\/v2\/pages\/153","targetHints":{"allow":["GET"]}}],"collection":[{"href":"https:\/\/college-stjoseph-plf.org\/index.php?rest_route=\/wp\/v2\/pages"}],"about":[{"href":"https:\/\/college-stjoseph-plf.org\/index.php?rest_route=\/wp\/v2\/types\/page"}],"author":[{"embeddable":true,"href":"https:\/\/college-stjoseph-plf.org\/index.php?rest_route=\/wp\/v2\/users\/2"}],"replies":[{"embeddable":true,"href":"https:\/\/college-stjoseph-plf.org\/index.php?rest_route=%2Fwp%2Fv2%2Fcomments&post=153"}],"version-history":[{"count":74,"href":"https:\/\/college-stjoseph-plf.org\/index.php?rest_route=\/wp\/v2\/pages\/153\/revisions"}],"predecessor-version":[{"id":3038,"href":"https:\/\/college-stjoseph-plf.org\/index.php?rest_route=\/wp\/v2\/pages\/153\/revisions\/3038"}],"wp:attachment":[{"href":"https:\/\/college-stjoseph-plf.org\/index.php?rest_route=%2Fwp%2Fv2%2Fmedia&parent=153"}],"curies":[{"name":"wp","href":"https:\/\/api.w.org\/{rel}","templated":true}]}}