{"id":1317,"date":"2023-11-17T07:58:36","date_gmt":"2023-11-17T07:58:36","guid":{"rendered":"http:\/\/college-stjoseph-plf.org\/?page_id=1317"},"modified":"2026-03-26T14:27:01","modified_gmt":"2026-03-26T14:27:01","slug":"inscriptions-2024-2025","status":"publish","type":"page","link":"https:\/\/college-stjoseph-plf.org\/?page_id=1317","title":{"rendered":"ANNEE 2025-2026"},"content":{"rendered":"\n<p><a href=\"https:\/\/preinscriptions.ecoledirecte.com\/?RNE=0350877N&amp;ETAB=CO\"><mark style=\"background-color:rgba(0, 0, 0, 0)\" class=\"has-inline-color has-black-color\">I<strong>nscriptions ICI d\u00e8s maintenant !<\/strong><\/mark><\/a><\/p>\n\n\n\n<p><strong>Informations administratives<\/strong><\/p>\n\n\n\n<p><a href=\"https:\/\/drive.google.com\/file\/d\/1Z8cuTPHy07GUJHZR3LyqA86-aQhW1R-7\/view?usp=sharing\">Contrat de scolarisation<\/a><\/p>\n\n\n\n<p><a href=\"https:\/\/drive.google.com\/file\/d\/1vWg7ER7Jh0-Np0oe8bTSKTGkGBO47xAZ\/view?usp=drive_link\">Proc\u00e9dure d&rsquo;inscription<\/a><\/p>\n\n\n\n<p><a href=\"https:\/\/drive.google.com\/file\/d\/14Dh9NH6MRMHVGP4-q9G6kdLwt7FYRwLq\/view?usp=drive_link\">Tarifs Annuels 2025-2026<\/a><\/p>\n\n\n\n<p><a href=\"https:\/\/drive.google.com\/file\/d\/1rCoxD5ZqdV7f9jChrhgrjQI7YKw60-1G\/view?usp=sharing\">Bourses Coll\u00e8ge 2025-2026<\/a><\/p>\n\n\n\n<p><a href=\"https:\/\/drive.google.com\/file\/d\/1OCG0mCY4YSXRiLzGiDKVmd08nWUv2ufh\/view?usp=sharing\">Transports Scolaires <\/a><\/p>\n\n\n\n<p><a href=\"https:\/\/drive.google.com\/file\/d\/168q63xeJR-ALavPWfePx5bOb00pHtFUR\/view?usp=sharing\">Transports Scolaires &#8211; Demande en ligne<\/a><\/p>\n\n\n\n<p><a href=\"https:\/\/drive.google.com\/file\/d\/12f0CHLpeMyS2n6rcRSRkbuNOCfci3wJ0\/view?usp=sharing\">Tableau Liste de Fournitures 2025-2026<\/a><\/p>\n\n\n\n<p><a href=\"https:\/\/drive.google.com\/file\/d\/1KtWoIfBrVdPWz2ylUXRvPkuSzuPagxw2\/view?usp=sharing\">Mutuelle Saint-Christophe : D\u00e9pliant Parents 2025-2026<\/a><\/p>\n\n\n\n<p><a href=\"https:\/\/drive.google.com\/file\/d\/1Jb9erELdZY9SQTxHL7N4GwxZ15x0Gobg\/view?usp=sharing\">Dispositif ORSEC <\/a><\/p>\n\n\n\n<figure class=\"wp-block-image size-large\"><img loading=\"lazy\" decoding=\"async\" width=\"1024\" height=\"797\" src=\"https:\/\/college-stjoseph-plf.org\/wp-content\/uploads\/2021\/12\/Sepanouir-pour-reussir-1024x797.png\" alt=\"\" class=\"wp-image-2677\" srcset=\"https:\/\/college-stjoseph-plf.org\/wp-content\/uploads\/2021\/12\/Sepanouir-pour-reussir-1024x797.png 1024w, https:\/\/college-stjoseph-plf.org\/wp-content\/uploads\/2021\/12\/Sepanouir-pour-reussir-300x233.png 300w, https:\/\/college-stjoseph-plf.org\/wp-content\/uploads\/2021\/12\/Sepanouir-pour-reussir-768x597.png 768w, https:\/\/college-stjoseph-plf.org\/wp-content\/uploads\/2021\/12\/Sepanouir-pour-reussir.png 1063w\" sizes=\"auto, (max-width: 1024px) 100vw, 1024px\" \/><\/figure>\n","protected":false},"excerpt":{"rendered":"<p>Inscriptions ICI d\u00e8s maintenant ! Informations administratives Contrat de scolarisation Proc\u00e9dure d&rsquo;inscription Tarifs Annuels 2025-2026 Bourses Coll\u00e8ge 2025-2026 Transports Scolaires Transports Scolaires &#8211; Demande en ligne Tableau Liste de Fournitures 2025-2026 Mutuelle Saint-Christophe : D\u00e9pliant Parents 2025-2026 Dispositif ORSEC<\/p>\n","protected":false},"author":2,"featured_media":0,"parent":177,"menu_order":0,"comment_status":"closed","ping_status":"closed","template":"","meta":{"footnotes":""},"class_list":["post-1317","page","type-page","status-publish","hentry"],"_links":{"self":[{"href":"https:\/\/college-stjoseph-plf.org\/index.php?rest_route=\/wp\/v2\/pages\/1317","targetHints":{"allow":["GET"]}}],"collection":[{"href":"https:\/\/college-stjoseph-plf.org\/index.php?rest_route=\/wp\/v2\/pages"}],"about":[{"href":"https:\/\/college-stjoseph-plf.org\/index.php?rest_route=\/wp\/v2\/types\/page"}],"author":[{"embeddable":true,"href":"https:\/\/college-stjoseph-plf.org\/index.php?rest_route=\/wp\/v2\/users\/2"}],"replies":[{"embeddable":true,"href":"https:\/\/college-stjoseph-plf.org\/index.php?rest_route=%2Fwp%2Fv2%2Fcomments&post=1317"}],"version-history":[{"count":91,"href":"https:\/\/college-stjoseph-plf.org\/index.php?rest_route=\/wp\/v2\/pages\/1317\/revisions"}],"predecessor-version":[{"id":3088,"href":"https:\/\/college-stjoseph-plf.org\/index.php?rest_route=\/wp\/v2\/pages\/1317\/revisions\/3088"}],"up":[{"embeddable":true,"href":"https:\/\/college-stjoseph-plf.org\/index.php?rest_route=\/wp\/v2\/pages\/177"}],"wp:attachment":[{"href":"https:\/\/college-stjoseph-plf.org\/index.php?rest_route=%2Fwp%2Fv2%2Fmedia&parent=1317"}],"curies":[{"name":"wp","href":"https:\/\/api.w.org\/{rel}","templated":true}]}}